 -103d?
-103c
In base 15, what is 9 - -5?
e
In base 16, what is 70 - 3?
6d
In base 12, what is 2 - -232?
234
In base 3, what is -11 - -110100?
110012
In base 2, what is -1011 + -10101101?
-10111000
In base 6, what is -3144 - -2?
-3142
In base 6, what is -13 - 11?
-24
In base 2, what is 1011001001 + 10?
1011001011
In base 16, what is 11d - -10?
12d
In base 9, what is -1 - 154?
-155
In base 12, what is -1 + 46a?
469
In base 16, what is -2 + -29?
-2b
In base 11, what is 21 + 20a?
230
In base 9, what is 134 - 22?
112
In base 6, what is -440 - -14?
-422
In base 13, what is 6 - -1168?
1171
In base 3, what is -10202 - -2100?
-1102
In base 8, what is 411 + 2?
413
In base 16, what is 9 - d0?
-c7
In base 7, what is 2 - -145?
150
In base 14, what is -97a + -8?
-984
In base 2, what is 1010 + 1?
1011
In base 7, what is -1332 - -4?
-1325
In base 15, what is 176 + 3?
179
In base 6, what is 15 + -15?
0
In base 5, what is -141434 + -4?
-141443
In base 6, what is -11 - 32?
-43
In base 6, what is -1 + -2035?
-2040
In base 6, what is 5 + -114?
-105
In base 16, what is -da + 7?
-d3
In base 6, what is -1 - -415?
414
In base 2, what is -1 - -1011?
1010
In base 6, what is -34 + 31?
-3
In base 2, what is 100 - -10001100?
10010000
In base 11, what is 2 + 270?
272
In base 9, what is -1268 + -1?
-1270
In base 5, what is 3 + 243?
301
In base 14, what is 5 + 33?
38
In base 4, what is -1303232 + -2?
-1303300
In base 2, what is -110110 - -10000010?
1001100
In base 3, what is -112 + 2020?
1201
In base 7, what is 162 - 143?
16
In base 6, what is 5 - 1111?
-1102
In base 3, what is 101 - -120122?
121000
In base 4, what is -1023002 - -2?
-1023000
In base 4, what is 3 + 101122?
101131
In base 13, what is 4 - 133?
-12c
In base 14, what is 1b - -5a?
77
In base 3, what is -12 - -22?
10
In base 14, what is d3 - 6?
cb
In base 13, what is 1 - 25?
-24
In base 2, what is 10 + 10110001?
10110011
In base 3, what is -122100 - -22?
-122001
In base 10, what is 2 + 945?
947
In base 16, what is -4 + -307?
-30b
In base 4, what is -221 + 113?
-102
In base 12, what is -5b67 + -3?
-5b6a
In base 7, what is -4302 - 3?
-4305
In base 15, what is 2 - 223d?
-223b
In base 6, what is 35 - -4?
43
In base 12, what is 11 + -161?
-150
In base 3, what is 1 - 10112?
-10111
In base 6, what is 143 + -5?
134
In base 8, what is 3 + -71?
-66
In base 13, what is -2 - 2a7?
-2a9
In base 11, what is 3 - 131?
-129
In base 15, what is -1 - -109?
108
In base 2, what is -100000 + -1000100110?
-1001000110
In base 3, what is 20202 - -20?
20222
In base 13, what is 10 + -2c?
-1c
In base 14, what is -3 + -b?
-10
In base 3, what is 10222 + 1112?
12111
In base 11, what is 8 + -93?
-86
In base 13, what is 181 + -2c?
152
In base 9, what is 1 + -142?
-141
In base 6, what is -1051 - -5?
-1042
In base 15, what is -e0c + -1?
-e0d
In base 15, what is -7 - -3?
-4
In base 13, what is b69 - 4?
b65
In base 13, what is 0 - -59?
59
In base 16, what is -e4 - 1?
-e5
In base 5, what is 3 + -2100?
-2042
In base 13, what is -4 - 24?
-28
In base 16, what is 5 - 4c?
-47
In base 4, what is 3022 - 0?
3022
In base 15, what is 4a + -5?
45
In base 16, what is -14 + -b0?
-c4
In base 4, what is -2 - 20311?
-20313
In base 4, what is -1 - -2323?
2322
In base 16, what is 0 - 3c?
-3c
In base 8, what is -5 + -1776?
-2003
In base 13, what is -92 - -3?
-8c
In base 16, what is 1156 - 4?
1152
In base 2, what is -1011000000 + -101?
-1011000101
In base 6, what is 1 - 11002?
-11001
In base 15, what is -3b - -a?
-31
In base 6, what is 5330 + 15?
5345
In base 5, what is 32323 - 4?
32314
In base 13, what is 7bb - -a?
7c8
In base 14, what is -1a11 + 2?
-1a0d
In base 7, what is 23 - 2?
21
In base 2, what is -1111111011110 - -101?
-1111111011001
In base 6, what is 12124 + 0?
12124
In base 2, what is -100 - -1000?
100
In base 12, what is -7 - -22?
17
In base 8, what is -16 + 34?
16
In base 15, what is -36 + 5?
-31
In base 15, what is 5 + 0?
5
In base 8, what is -5 + -1070?
-1075
In base 4, what is -10 - -133?
123
In base 10, what is -1312 + 4?
-1308
In base 7, what is 13 + 2?
15
In base 16, what is -3 - -16?
13
In base 10, what is 69 + 3?
72
In base 5, what is -11003 - 34?
-11042
In base 9, what is 10 - 3?
6
In base 10, what is -4106 + 2?
-4104
In base 4, what is 0 + -23031?
-23031
In base 14, what is ca + 1?
cb
In base 14, what is 1 - 21a?
-219
In base 15, what is -2 - 1309?
-130b
In base 6, what is 230 - -214?
444
In base 8, what is -246 - -10?
-236
In base 7, what is 225 - 4?
221
In base 9, what is 3 + 130?
133
In base 15, what is -1 + -3e?
-40
In base 12, what is -4 - 622?
-626
In base 5, what is 3104 - 3?
3101
In base 14, what is 2 - -72?
74
In base 14, what is -3 + -c?
-11
In base 7, what is -3 - 12?
-15
In base 6, what is 2 - 150?
-144
In base 6, what is -524 + 142?
-342
In base 12, what is -196 - -4?
-192
In base 2, what is 100000 - -10?
100010
In base 13, what is 79 + 2?
7b
In base 9, what is 0 + -648?
-648
In base 5, what is -3 + -10412?
-10420
In base 7, what is 1 + -410?
-406
In base 16, what is -21c0 - 2?
-21c2
In base 3, what is 11221 - 20122?
-1201
In base 6, what is -421 + -10?
-431
In base 5, what is 10 - 2321?
-2311
In base 14, what is 64 + 3?
67
In base 5, what is -11 + -1440?
-2001
In base 4, what is -32 - -20131?
20033
In base 16, what is 9 - -1c?
25
In base 12, what is 4 + -1902?
-18ba
In base 5, what is 22122 - -3?
22130
In base 9, what is 1281 - 1?
1280
In base 2, what is 11011 + -10111011011?
-10111000000
In base 7, what is 14 + -3046?
-3032
In base 10, what is -6 + 438?
432
In base 5, what is 240 + -2?
233
In base 15, what is -1 - -38?
37
In base 3, what is -21 + -2102211?
-2110002
In base 10, what is -47 + -4?
-51
In base 4, what is -102 - -122?
20
In base 3, what is 20 - -20122?
20212
In base 10, what is -311 + 13?
-298
In base 14, what is -2 + 2b?
29
In base 10, what is -49 + 1?
-48
In base 13, what is 18 + 4?
1c
In base 5, what is 4 - -1404?
1413
In base 13, what is -4028 + 5?
-4023
In base 6, what is -4 - -112?
104
In base 3, what is -102200 + -2?
-102202
In base 8, what is 554 - 34?
520
In base 2, what is 110010111 + -100?
110010011
In base 13, what is 34 + 4a?
81
In base 10, what is -18 + 162?
144
In base 16, what is -eaa - -4?
-ea6
In base 12, what is -3 - -465?
462
In base 16, what is -46 - -2?
-44
In base 14, what is b - -1?
c
In base 15, what is -1 - -29?
28
In base 15, what is 10 - -67?
77
In base 3, what is -12 - 101222?
-102011
In base 13, what is -4 + -3a8?
-3ac
In base 12, what is 2 - b7?
-b5
In base 4, what is 11 - -1003101?
1003112
In base 16, what is 5 + -114?
-10f
In base 7, what is -1461 + 2?
-1456
In base 7, what is 3 + -20620?
-20614
In base 5, what is 1 - 1013?
-1012
In base 14, what is -18 + 80?
66
In base 9, what is 54 + 0?
54
In base 2, what is -10111110 - -10?
-10111100
In base 9, what is -3 - -1628?
1625
In base 9, what is 1067 - 1?
1066
In base 8, what is 53 + 2?
55
In base 4, what is -101 + -12?
-113
In base 16, what is 294 - 1?
293
In base 6, what is 1521 + -133?
1344
In base 16, what is -2 - 13?
-15
In base 12, what is -70 + 8a?
1a
In base 11, what is -2 - 789?
-790
In base 9, what is 1 + -115?
-114
In base 5, what is 4 + 43020?
43024
In base 6, what is 1243 + 10?
1253
In base 3, what is 2 + 1102?
1111
In base 6, what is -41 - -1?
-40
In base 4, what is -2 + 132?
130
In base 14, what is 50 + -125?
-b5
In base 5, what is 3303 + -21?
3232
In base 4, what is -33 - -1221?
1122
In base 4, what is -210232 + -10?
-210302
In base 6, what is -11 + 0?
-11
In base 7, what is 43 + -5?
35
In base 6, what is -31120 - -5?
-31111
In base 6, what is -4 + 1204?
1200
In base 9, what is 14785 - -4?
14800
In base 3, what is 1 - -1121?
1122
In base 11, what is 517 + 20?
537
In base 3, what is -11 + 210?
122
In base 9, what is 0 - -13?
13
In base 5, what is 4 - 33041?
-33032
In base 5, what is 213 - 3230?
-3012
In base 4, what is 11 + -2223?
-2212
In base 3, what is -112 - -100?
-12
In base 9, what is -118 + -3?
-122
In base 16, what is -4 - -1c?
18
In base 7, what is -5632 - -3?
-5626
In base 10, what is 4 + -81?
-77
In base 15, what is -3 + -a?
-d
In base 11, what is 137 - -2?
139
In base 12, what is 2 + -774?
-772
In base 6, what is -3 + -440?
-443
In base 2, what is -100110110110 + -10?
-100110111000
In base 5, what is -12 + 12122?
1